 - 33. Is w(8) prime?
False
Suppose -538200 = -17*w + 22613. Is w composite?
True
Let l(s) = 7*s**2 + s - 1. Let i be l(1). Suppose h - 124 = 2*h - 3*m, 0 = -3*h + 5*m - 388. Is (h/(-14))/(2/i) composite?
True
Let u(g) = 4*g**2 + 12*g + 4. Let x(y) = -y**2 - y. Let d(s) = u(s) + 2*x(s). Let i be d(-5). Suppose j = 2*z + z + 191, i*j = -4*z + 764. Is j prime?
True
Let y(l) = 8*l**2 + 16*l - 4. Let p be y(-7). Suppose p + 252 = 4*a + 3*d, a - 133 = -d. Is a a composite number?
True
Let w = -1792 + 2950. Let d(x) = -241*x - 2. Let g be d(-1). Let y = w + g. Is y prime?
False
Suppose 0 = -5*t - 2*n + 17, 0 = n - 1. Suppose 5*y - 162 = t. Is y a prime number?
False
Let n be -2*1/(-4)*222. Suppose 0 = -2*m + n + 43. Is m prime?
False
Let l = -38 + 26. Let u be l/2*(-25)/15. Let h(y) = -y**2 + 11*y + 4. Is h(u) composite?
True
Let h(k) be the third derivative of k**5/60 - 5*k**4/24 + 7*k**3/6 - 2*k**2. Let g = -29 - -24. Is h(g) composite?
True
Is 47486/30 - (-16)/120 prime?
True
Let f(h) be the first derivative of -h**3/3 - 2*h**2 + 3*h - 1. Let n be f(-4). Suppose -n*t + 505 = -254. Is t a prime number?
False
Let n = 47 - 36. Let x(a) = a**3 + 9*a**2 + 14*a - 15. Is x(n) prime?
False
Suppose -1 + 3 = i. Suppose 250 = -5*v + 260. Suppose p = v*n - 10, -p + 5 = n + i*n. Is n prime?
True
Let w(t) = 25*t + 13*t + 21*t + 7 - 17*t. Let s be (-12)/4 + (-3)/((-3)/10). Is w(s) composite?
True
Let r(k) be the second derivative of -k**3/3 + k**2/2 - 2*k. Let q be r(-3). Is 1 - q*36/(-2) composite?
False
Let x = 1321 - 2111. Let u = x + 1457. Is u a composite number?
True
Suppose 5*q = -5*o + 20, -2*q + o = -3*o + 16. Let n be -20 - (q - 0) - -2. Is (-554)/n + 4/18 composite?
False
Suppose -15*s = -23519 - 4996. Is s a prime number?
True
Let a(n) = -n**3 - 38*n**2 + 7*n + 344. Let o be a(-38). Let l(v) = 2*v - 4. Let q be l(4). Is ((-90)/(-27))/(q/o) a composite number?
True
Suppose 0*s + 4*u = -4*s + 16, -5*s + 20 = u. Let q = 2 + 2. Suppose -4*h = q*g - 9*h - 759, -5*g = -s*h - 951. Is g a composite number?
False
Suppose -4*t + 10 = d + 4*d, -2*d = t - 4. Let g(c) = 9*c**2 + 6*c - 5. Is g(d) a prime number?
True
Suppose -m - 5*o + 13 = 0, 3*m - 3*o = 2 + 1. Suppose t - m*t + 358 = 0. Is t a prime number?
True
Let x = -31 + 32. Is (-782)/x*(-4)/8 composite?
True
Suppose -3*o - s = -2*o - 18, 3*o - s - 38 = 0. Let f be 4/o - (-84)/49. Suppose f*y - 127 = y. Is y a prime number?
True
Let q = -49 + 140. Is q a composite number?
True
Suppose 87*w = 109*w - 55066. Is w a composite number?
False
Is 904 + (-11 - -10) + 8 composite?
False
Suppose 6*k + 2*k = -128. Is (-2)/k*12718 + (-15)/20 composite?
True
Suppose -5*a + 45 = 5*u, 4*u + 13 - 49 = -5*a. Let p(o) = 5*o + 1 - 8 + 4*o**2 - 3 + 0. Is p(u) a composite number?
False
Let k = -298 + 114. Let v = 430 + k. Is v/18 + (-4)/6 composite?
False
Suppose 2*b + f - 15 = -0*b, -5*f + 12 = b. Let y(u) = -u**2 + 7*u - 2. Let i be y(b). Is ((-104)/12)/(i/6) a composite number?
True
Let y(l) = -l**2 + l + 4. Let d be y(4). Let b be 2/d + (-34)/(-8). Is ((-894)/12)/((-2)/b) a prime number?
True
Suppose -38*b + 23816 = -30*b. Is b composite?
True
Let r(x) = -2*x + 21. Let l be r(10). Let p be (0 + 12)*(30 - l). Let b = p - -131. Is b composite?
False
Suppose 0 = 6*k - 18 + 18. Suppose -1036 = -k*b - 4*b. Is b a composite number?
True
Let b(c) = 2*c + 48. Let p be b(-9). Let x = p - -89. Is x a prime number?
False
Let l = 230 - 153. Is l a composite number?
True
Let r(o) = 2086*o + 165. Is r(2) a composite number?
False
Suppose -11782 = -a + 5*q, 0 = 5*a + 5*q + 5401 - 64401. Is a a composite number?
True
Suppose -3*i + 5*y - 1129 + 337 = 0, -4*i - 1021 = 5*y. Let o = 243 - i. Is o a prime number?
False
Let x = 282 - 154. Let t = x + 83. Is t prime?
True
Let l be (-44)/(-10) - 8/20. Let v(k) = k + 9. Let n be v(-11). Is 14/l*(-12)/n prime?
False
Suppose -9622 + 2908 = 9*p. Let y = p - -1499. Is y a prime number?
False
Let d(v) = 3258*v**3 + v**2 - v + 1. Let k be d(1). Suppose -850 = -7*z + k. Is z a composite number?
False
Let w(d) = 3883*d - 18. Is w(1) prime?
False
Let j = -177 - 6. Let z = 310 + j. Is z a prime number?
True
Suppose -4*f - 2*s + 18 = 0, 2*s - 3*s - 1 = -3*f. Suppose -f*n = 5*r - 634, -3*n + 0*r + 905 = -4*r. Is n a composite number?
False
Suppose -554 = -2*a + 190. Suppose 0*p - p + 2788 = 5*k, k - 4*p = 545. Let o = k - a. Is o a composite number?
True
Let g(z) = 25*z - 13. Let a be g(-6). Let r = 109 + a. Let h = r - -91. Is h a composite number?
False
Let p be 2/3 + (-60)/(-45). Let z(g) = 215*g - 3. Is z(p) a prime number?
False
Suppose -5*o + 20522 = 2*z, 16*o - 51305 = -5*z + 11*o. Is z prime?
False
Suppose 4*j - 23 = -7. Let b be 808/6 - j/6. Let m = b + -45. Is m prime?
True
Suppose 0 = -4*w - 5*k + 1023, 2*k + 4 = 2. Suppose -w = -4*y + 167. Is y a composite number?
True
Suppose -u = 2*t + 3*t - 11604, -u = 4*t - 11603. Is u composite?
True
Let v = -23 + 8. Let f = v - -15. Suppose 2*g - 197 = -3*a, f = -2*a - 4*g + 32 + 94. Is a prime?
True
Suppose 231 = 7*j - 3*j - 5*x, -51 = -j - x. Let d be (-18)/j + (-22)/(-3). Suppose d*n = 6*n + 157. Is n a prime number?
True
Let x = 30269 + 17312. Is x composite?
False
Suppose -5*v = h + 584, 4*h - 216 = -0*v + 2*v. Let y = 102 - v. Is y a composite number?
True
Let n be (1 - -4) + (5 - 5). Suppose n*y + 51 - 231 = 0. Is (-8)/y + 17043/27 prime?
True
Let n(r) = -11859*r - 568. Is n(-5) a prime number?
True
Suppose 3*m = 7*m - 316. Suppose -r = -m - 846. Suppose -8*p + 3*p + r = 0. Is p composite?
True
Let x be -13*(-40 + -1 - 3). Suppose -t = z - x, -13 = -4*z + 7. Let w = t - 373. Is w prime?
False
Suppose -4208 - 69915 = -7*n. Is n prime?
True
Let c be -10*(14/(-4))/7. Suppose -6*m = -c*m - 150. Suppose -3*w - 2*w = -15, -5*u + m = -5*w. Is u a composite number?
True
Let n = 1539 + -902. Suppose 0 = a - 5*x - 742, 2*a - 4*x = 829 + n. Is a prime?
True
Let c(u) = 2*u + 25025. Let f be c(0). Let s(n) = -n**2 - 12*n - 9. Let v be s(-12). Is 2/v + f/63 a composite number?
False
Is 3 - (-4 - 969 - -3) a composite number?
True
Suppose 20 = -2*h + 4*k, 5*h = 3*k - 4*k - 28. Let c be 1*(h + -3)*-2. Let f = 37 + c. Is f a prime number?
False
Let f(g) = g**2 - 3*g - 2. Let w be f(4). Let c = 7 - w. Suppose c*s - 816 + 181 = 0. Is s prime?
True
Let w = -999 + 1756. Is w a composite number?
False
Let i(h) = 1002*h**2 - 8*h + 15. Is i(2) prime?
True
Let l = 9 - 23. Is l/4*(17 - 91) a composite number?
True
Let w(d) = d**2 + 10*d + 6. Let m be w(-9). Let p = m + 5. Suppose 0 = 4*y + 3*q - 702, p*q = 3*y - 2*y - 181. Is y a composite number?
True
Let d be 1/((-4)/(-66 - 2)). Suppose -d = -3*a - 5. Suppose 1386 = 4*p - a*u - 198, 3*u - 15 = 0. Is p a composite number?
False
Suppose 3*w + c = 111754, w - 52660 + 15387 = 4*c. Is w prime?
True
Let f(r) = 129*r - 379 - 379 + 757. Is f(8) prime?
True
Let p = -1937 + 1228. Let q = 1340 + p. Is q prime?
True
Suppose 50*y + 5*y = 1125685. Is y prime?
False
Suppose -7*j = -10*j - 3. Is (-333 - -16)/(j/5) composite?
True
Let k(f) = -f**3 - 5*f**2 - 7*f - 13. Let m(c) = -3*c**3 - 9*c**2 - 13*c - 27. Let w(a) = -5*k(a) + 2*m(a). Is w(8) a prime number?
True
Suppose 15 = -q - 5. Let t = q - -34. Is t composite?
True
Let s = 988 - 523. Let p = s - 254. Is p a composite number?
False
Let i(w) = 3*w + 2. Let p be i(-3). Let x be (-5 - p)/(2/(-13)). Is x/(-78) + (-65)/(-6) a composite number?
False
Is 14 + -2 - 2 - -5307 composite?
True
Is -1*(-3 + (-10529 - 3 - -6)) a prime number?
True
Suppose 2510 = 18*m - 8*m. Is m a prime number?
True
Let a(n) be the third derivative of -n**6/24 - n**5/20 + n**4/12 + n**3/2 - 4*n**2. Let k be a(-3). Suppose -4*m = m - k. Is m composite?
True
Suppose 76*l - 67*l - 66321 = 0. Is l a composite number?
False
Let t(f) = f**2 + 10*f + 13. Let b be t(-9). Suppose 3*a - b*z + 0*z = 3135, 0 = 3*a - z - 3144. Is a prime?
True
Let m(y) = 2*y + 2. Let v be m(-2). Is (-4 - -5)/(v/(-262)) a prime number?
True
Let r = 26 + -26. Suppose -4*u + 0*u + 2084 = r. Is u prime?
True
Suppose -5*x - 20*i + 16*i + 109299 = 0, -x + 2*i = -21871. Is x a composite number?
False
Suppose -2*u - 10 = -y - 4, 5*y + u + 3 = 0. Suppose 0 = l + i + i - 103, i = 5*l - 548. Suppose -z + l = -y*z. Is z a prime number?
True
Let u be 